61 and v?
29
Suppose -5*y + 3*y + 4 = 0. Suppose -2*p - 2*r = -22, -5*p = y*r - 7*r - 35. What is the highest common divisor of p and 18?
9
Let g(s) = s**3 - 2*s**2 - 6*s + 1. Suppose k - 44 = -10*k. Let l be g(k). Let q be (-80)/(-14) + (-2)/(-7). Calculate the highest common factor of q and l.
3
Let g(j) be the second derivative of j**4/4 - j**3/6 - j**2/2 + j. Let v be 20/(-8) - 12/(-8). Let p be g(v). What is the highest common divisor of 9 and p?
3
Suppose -610 = 8*s + 478. Let i = -96 - s. Calculate the greatest common divisor of i and 5.
5
Suppose -2*j - k + 7 = -25, 5*j = -5*k + 85. Let p be 4/(-8)*(-5 + -25). Calculate the highest common divisor of j and p.
15
Suppose -3*v - k - 7 + 50 = 0, 4*k = v + 3. Let m(o) = -o**2 + 22*o - 7. Let p be m(18). Calculate the highest common factor of v and p.
13
Let v(z) = -3*z**2 - 5*z - 19. Let b be v(-9). Let y = -153 - b. Calculate the highest common factor of 8 and y.
8
Suppose -2*o = -8, -6*o + 57 = -y - 2*o. Let x = y - -57. Suppose 32 = 4*i + 5*z, 0*i + 2*z = -2*i + x. Calculate the greatest common divisor of i and 64.
8
Let g be 18 - 1 - (-48)/(5 + -17). Calculate the highest common factor of 104 and g.
13
Suppose -573 = -5*x + 277. Suppose -1 = -3*p + 8. Let f be 34/(-4 + p - -3). What is the greatest common divisor of x and f?
17
Suppose 3*k - 8 = 4. Suppose 0 = 5*o - 3*q - 123, k*q - 2*q + 50 = 2*o. Calculate the highest common factor of o and 60.
12
Let k(a) = -a**2 - 18*a + 7. Let s be k(-18). Let z = s + 73. Let q be (-30)/z*(-9 - -1). What is the greatest common divisor of 12 and q?
3
Let z be (0 - (-5 - -2))*-12. Let o = 60 + z. What is the greatest common factor of o and 3?
3
Let j = -276 + 406. Calculate the highest common factor of j and 26.
26
Suppose -3*u - 327 = 3*k, -3*k + 5*u = -6*k - 335. Let n be (8*2/20)/((-6)/k). What is the greatest common factor of n and 2?
2
Suppose 18*i - 61 - 209 = 0. Calculate the highest common divisor of 240 and i.
15
Suppose 4*s + 0*s + 5*a = 1800, 3*s - a = 1369. Calculate the highest common factor of s and 35.
35
Let s = 26 - 25. Let v be (s*10)/(3/9). Calculate the highest common divisor of v and 6.
6
Suppose 0 = 3*m - 4*p - 56, 4*m + 4*p = 4 + 80. Calculate the greatest common factor of m and 50.
10
Let a(u) be the second derivative of -8*u**3/3 + u**2/2 + 5*u. Let y be a(6). Let w = y - -182. Calculate the highest common divisor of 58 and w.
29
Let b be 339/(-2)*((-92)/(-12) + -7). Let x = -97 - b. What is the greatest common factor of x and 32?
16
Let c be (110/(-8))/((-4)/(-16)). Let v = -27 - c. Let a be 180/27 - 1/(-3). What is the highest common divisor of a and v?
7
Let j = -5 + 8. Let q = -11531 + 11533. Calculate the highest common divisor of j and q.
1
Suppose 3*l + 80 = -52. Let k be l/3*105/(-10). Suppose -4*g = 5*j - 93, 2*j - 70 = -3*g - 2*j. Calculate the greatest common divisor of g and k.
22
Let z = 355 + -299. What is the highest common divisor of 16 and z?
8
Let y = -18 + 99. Suppose -2*s + 6*l + 43 = l, -3*l - 33 = -2*s. Calculate the highest common divisor of s and y.
9
Suppose -h = -40 + 336. Let m = 456 + h. Let b = 19 - 3. What is the highest common divisor of b and m?
16
Let k be 2/4 - (-144)/32. Calculate the highest common factor of 160 and k.
5
Let r be ((-11)/((-308)/72))/((-1)/(-7)). Suppose 2*j - 1 = 5. Suppose x + 87 = -0*z + 5*z, -5*z + 81 = -j*x. What is the highest common divisor of r and z?
18
Let f(i) = 6*i + 78. Let t be f(19). Calculate the greatest common factor of t and 80.
16
Let k be 1/((-20)/(-105)*6/16). What is the greatest common divisor of k and 546?
14
Let i be ((-318)/6)/(-1 - 0). Let z(a) = a**3 - 3*a**2 - 124*a - 25. Let x be z(13). What is the highest common factor of x and i?
53
Suppose 3*d + j - 547 = 0, -6*d + 0*j = j - 1093. What is the greatest common divisor of d and 286?
26
Suppose -2*t - 4*r - 64 = r, 2*r - 50 = 2*t. Let z = t + 29. What is the highest common divisor of z and 3?
1
Let c(d) = -d**3 + 9*d**2 + 10*d. Let q be c(10). Suppose -n - 8 + 45 = 5*v, q = 4*v + 2*n - 26. Calculate the greatest common divisor of 64 and v.
8
Suppose 0 = -94*d + 99*d - 1870. Calculate the greatest common factor of 34 and d.
34
Let k be 0/(-1)*(-4)/8. Let l = k - -6. Suppose o + 1 = 0, -l*o + 2*o = -3*z + 148. Calculate the highest common factor of z and 12.
12
Suppose -242 = -4*i + 2*i. Let f(c) = c**2 + 8*c - 17. Let x be f(-14). Let o = i - x. Calculate the highest common factor of 81 and o.
27
Let j be (-28 + -7)/(-5) - -268. Calculate the highest common divisor of j and 55.
55
Let q = 756 + -652. What is the greatest common factor of q and 130?
26
Suppose 0*j = -4*h + 4*j + 228, -4*j - 287 = -5*h. What is the greatest common divisor of h and 531?
59
Let d(r) = 2*r**2 - 11*r + 36. Let h be d(6). What is the highest common divisor of h and 378?
42
Let l be 56 - (4/4)/(-1). Let k = l - 53. What is the greatest common divisor of k and 2?
2
Let y(t) = -t**3 - 2*t**2 + 12. Let a be y(-8). What is the greatest common divisor of 36 and a?
36
Let c(y) = -y**3 - 8*y**2 - 9*y - 9. Let x be c(-6). Let l = 72 + x. Let j(k) = 10*k + 69. Let w be j(-6). Calculate the highest common divisor of w and l.
9
Let t be 208 - (1 + 0)/(-1). Let q = -21710 + 21729. Calculate the highest common factor of t and q.
19
Suppose 3*k - 4*k = -14. Let y(o) = 2*o**2 - o + 4. Let v be y(6). What is the highest common divisor of k and v?
14
Suppose 2 + 6 = 4*f. Suppose -51 = f*b + 41. Let m = -30 - b. Calculate the highest common divisor of m and 4.
4
Let c(u) = u**3 + 10*u**2 - 13*u - 14. Let r be c(-11). Suppose y = -4*g + 7, -2*y + r = g + g. What is the highest common factor of y and 6?
3
Let t = 54 - 51. Let j be 52/3 + (5/t - 1). What is the greatest common divisor of 6 and j?
6
Let q be ((-3)/6)/((-2)/204). Let v be -4*(2 - q/6). Let z(l) = 24*l - 943. Let y be z(42). Calculate the greatest common divisor of v and y.
13
Let f(v) = 7*v**2 - v + 2. Suppose j = -1 + 3. Let w be f(j). Suppose 4*a = w + 12. Calculate the greatest common factor of 15 and a.
5
Suppose 59*i - 93*i = -408. What is the greatest common factor of 172 and i?
4
Suppose -2053*k - 3456 = -2059*k. Calculate the highest common factor of k and 16.
16
Let r be -18*(0 + -2)/2. Let g = r + -7. Let q(p) = 2*p**2 - 23*p + 100. Let y be q(8). What is the highest common factor of g and y?
11
Suppose 4*j - 36 = 4*d, -2*j - 4*d + 5*d + 17 = 0. Suppose 4*o - 51 = k, o - 4*k = -j*k. What is the highest common divisor of o and 84?
12
Let g be ((-24)/(-15))/(((-16)/20)/(-2)). Let m be 2 + g + (-6)/3 + 6. Calculate the greatest common factor of m and 100.
10
Let u be (310/6 + -7)/((-2)/(-3)). Calculate the greatest common factor of u and 5.
1
Let o be (-2)/((-4)/(-14) + 0). Let x = 11 + o. Suppose -z - 5*v + 2 + 0 = 0, 118 = x*z - 2*v. What is the highest common factor of 3 and z?
3
Let s be (3 + 3)/(3/4). Suppose 5*d = 3*b - 106, -3*d + 110 = -s*d + 5*b. Let c be (-2692)/d - (-4)/10. Calculate the highest common factor of 15 and c.
15
Let w(z) = -z + 31. Let c be w(3). Calculate the highest common divisor of 238 and c.
14
Let o = -1 + 0. Let g(w) = -2 + 36*w**2 - 13*w**2 + 3. Let c be g(o). What is the greatest common factor of 48 and c?
24
Let v(g) = -6*g + 108. Let u be v(10). What is the greatest common factor of 6 and u?
6
Suppose -2*m - 2*m - 2*u + 354 = 0, m - 84 = -5*u. Let k be -2 + (-1 + m)/4. Calculate the greatest common divisor of k and 30.
10
Let h(d) = -d**2 - 6*d - 4. Let j be h(0). Let w(l) = -l**2 - 6*l + 8. Let p be w(j). What is the greatest common factor of p and 12?
4
Suppose 3*b + 2*a - 287 = -51, 0 = -2*b - 5*a + 161. Calculate the highest common divisor of b and 702.
78
Suppose 0 = 23*u - 21*u - 2268. Let y be 9/15 + u/10. What is the highest common factor of y and 76?
38
Let q(x) = x**3 - 2*x**2 - 7*x + 7. Let s be q(6). Let r = s + -93. Calculate the greatest common factor of 128 and r.
16
Suppose 27 = -0*n + 3*n. Suppose -n*m = -2*m - 882. Suppose 4*z - 31 = 25. What is the highest common factor of z and m?
14
Let b(n) = -n + 10. Let u be b(0). Suppose 10*w - 11*w = -2. What is the greatest common divisor of u and w?
2
Let a = 2257 - 2244. Suppose -4*d + 208 = -0*d. What is the greatest common factor of d and a?
13
Let w be 320/(-18) + (